{"id":39,"date":"2023-07-28T09:21:52","date_gmt":"2023-07-28T09:21:52","guid":{"rendered":"https:\/\/opg-saleta.hr\/?page_id=39"},"modified":"2023-07-28T10:43:31","modified_gmt":"2023-07-28T10:43:31","slug":"home","status":"publish","type":"page","link":"https:\/\/opg-saleta.hr\/","title":{"rendered":"Home"},"content":{"rendered":"\t\t<div data-elementor-type=\"wp-page\" data-elementor-id=\"39\" class=\"elementor elementor-39\" data-elementor-post-type=\"page\">\n\t\t\t\t\t\t<section class=\"elementor-section elementor-top-section elementor-element elementor-element-16f0c180 elementor-section-height-min-height elementor-section-boxed elementor-section-height-default elementor-section-items-middle\" data-id=\"16f0c180\" data-element_type=\"section\" data-e-type=\"section\">\n\t\t\t\t\t\t<div class=\"elementor-container elementor-column-gap-default\">\n\t\t\t\t\t<div class=\"elementor-column elementor-col-100 elementor-top-column elementor-element elementor-element-84f91db\" data-id=\"84f91db\" data-element_type=\"column\" data-e-type=\"column\">\n\t\t\t<div class=\"elementor-widget-wrap elementor-element-populated\">\n\t\t\t\t\t\t<div class=\"elementor-element elementor-element-78ab87f1 elementor-widget elementor-widget-heading\" data-id=\"78ab87f1\" data-element_type=\"widget\" data-e-type=\"widget\" data-widget_type=\"heading.default\">\n\t\t\t\t<div class=\"elementor-widget-container\">\n\t\t\t\t\t<h2 class=\"elementor-heading-title elementor-size-default\">Dobrodo\u0161li na web stranicu obiteljskog poljoprivrednog gospodarstva Saleta!<\/h2>\t\t\t\t<\/div>\n\t\t\t\t<\/div>\n\t\t\t\t<div class=\"elementor-element elementor-element-3842302e elementor-widget__width-initial elementor-widget elementor-widget-text-editor\" data-id=\"3842302e\" data-element_type=\"widget\" data-e-type=\"widget\" data-widget_type=\"text-editor.default\">\n\t\t\t\t<div class=\"elementor-widget-container\">\n\t\t\t\t\t\t\t\t\t<p>Saznajte vi\u0161e o p\u010delarstvu i na\u0161im p\u010delarskim proizvodima!<\/p>\t\t\t\t\t\t\t\t<\/div>\n\t\t\t\t<\/div>\n\t\t\t\t\t<\/div>\n\t\t<\/div>\n\t\t\t\t\t<\/div>\n\t\t<\/section>\n\t\t\t\t<section class=\"elementor-section elementor-top-section elementor-element elementor-element-8a560f6 elementor-section-boxed elementor-section-height-default elementor-section-height-default\" data-id=\"8a560f6\" data-element_type=\"section\" data-e-type=\"section\">\n\t\t\t\t\t\t<div class=\"elementor-container elementor-column-gap-default\">\n\t\t\t\t\t<div class=\"elementor-column elementor-col-50 elementor-top-column elementor-element elementor-element-4f6fdfe\" data-id=\"4f6fdfe\" data-element_type=\"column\" data-e-type=\"column\">\n\t\t\t<div class=\"elementor-widget-wrap elementor-element-populated\">\n\t\t\t\t\t\t<div class=\"elementor-element elementor-element-ae82bb8 elementor-widget elementor-widget-text-editor\" data-id=\"ae82bb8\" data-element_type=\"widget\" data-e-type=\"widget\" data-widget_type=\"text-editor.default\">\n\t\t\t\t<div class=\"elementor-widget-container\">\n\t\t\t\t\t\t\t\t\t<p>Duga tradicija i ljubav prema p\u010delarstu rezultirala je visokokvalitetnim p\u010delinjim proizvodima od kojih su mnogi osvojili priznanja i diplome za kvalitetu na natjecanjima.<\/p><p>Na\u0161u ponudu proizvoda mo\u017eete prona\u0107i na webu ili nas kontaktirajte\u00a0putem <strong>maila<\/strong> ili telefonski, te \u0107emo Vam ih isporu\u010diti paketnom distribucijom ili po dogovoru vlastitom dostavom na podru\u010djima Zagreba i okolice Pakraca i Lipika.<\/p><p>Nadamo se da \u0107ete ovdje prona\u0107i sve \u017eeljene informacije, a ukoliko imate\u00a0 dodatnih pitanja slobodno nas kontaktirajte bez obaveze.<\/p>\t\t\t\t\t\t\t\t<\/div>\n\t\t\t\t<\/div>\n\t\t\t\t\t<\/div>\n\t\t<\/div>\n\t\t\t\t<div class=\"elementor-column elementor-col-50 elementor-top-column elementor-element elementor-element-8750793\" data-id=\"8750793\" data-element_type=\"column\" data-e-type=\"column\">\n\t\t\t<div class=\"elementor-widget-wrap elementor-element-populated\">\n\t\t\t\t\t\t<div class=\"elementor-element elementor-element-e123300 elementor-widget elementor-widget-image\" data-id=\"e123300\" data-element_type=\"widget\" data-e-type=\"widget\" data-widget_type=\"image.default\">\n\t\t\t\t<div class=\"elementor-widget-container\">\n\t\t\t\t\t\t\t\t\t\t\t\t\t\t\t<img fetchpriority=\"high\" decoding=\"async\" width=\"800\" height=\"600\" src=\"https:\/\/opg-saleta.hr\/wp-content\/uploads\/2023\/07\/sve01-1024x768.jpg\" class=\"attachment-large size-large wp-image-88\" alt=\"\" srcset=\"https:\/\/opg-saleta.hr\/wp-content\/uploads\/2023\/07\/sve01-1024x768.jpg 1024w, https:\/\/opg-saleta.hr\/wp-content\/uploads\/2023\/07\/sve01-300x225.jpg 300w, https:\/\/opg-saleta.hr\/wp-content\/uploads\/2023\/07\/sve01-768x576.jpg 768w, https:\/\/opg-saleta.hr\/wp-content\/uploads\/2023\/07\/sve01-1536x1152.jpg 1536w, https:\/\/opg-saleta.hr\/wp-content\/uploads\/2023\/07\/sve01-2048x1536.jpg 2048w\" sizes=\"(max-width: 800px) 100vw, 800px\" \/>\t\t\t\t\t\t\t\t\t\t\t\t\t\t\t<\/div>\n\t\t\t\t<\/div>\n\t\t\t\t\t<\/div>\n\t\t<\/div>\n\t\t\t\t\t<\/div>\n\t\t<\/section>\n\t\t\t\t<\/div>\n\t\t","protected":false},"excerpt":{"rendered":"<p>Dobrodo\u0161li na web stranicu obiteljskog poljoprivrednog gospodarstva Saleta! Saznajte vi\u0161e o p\u010delarstvu i na\u0161im p\u010delarskim proizvodima! Duga tradicija i ljubav prema p\u010delarstu rezultirala je visokokvalitetnim p\u010delinjim proizvodima od kojih su mnogi osvojili priznanja i diplome za kvalitetu na natjecanjima. Na\u0161u ponudu proizvoda mo\u017eete prona\u0107i na webu ili nas kontaktirajte\u00a0putem maila ili telefonski, te \u0107emo Vam [&hellip;]<\/p>\n","protected":false},"author":2,"featured_media":0,"parent":0,"menu_order":0,"comment_status":"closed","ping_status":"closed","template":"elementor_header_footer","meta":{"footnotes":""},"class_list":["post-39","page","type-page","status-publish","hentry"],"_links":{"self":[{"href":"https:\/\/opg-saleta.hr\/index.php?rest_route=\/wp\/v2\/pages\/39","targetHints":{"allow":["GET"]}}],"collection":[{"href":"https:\/\/opg-saleta.hr\/index.php?rest_route=\/wp\/v2\/pages"}],"about":[{"href":"https:\/\/opg-saleta.hr\/index.php?rest_route=\/wp\/v2\/types\/page"}],"author":[{"embeddable":true,"href":"https:\/\/opg-saleta.hr\/index.php?rest_route=\/wp\/v2\/users\/2"}],"replies":[{"embeddable":true,"href":"https:\/\/opg-saleta.hr\/index.php?rest_route=%2Fwp%2Fv2%2Fcomments&post=39"}],"version-history":[{"count":10,"href":"https:\/\/opg-saleta.hr\/index.php?rest_route=\/wp\/v2\/pages\/39\/revisions"}],"predecessor-version":[{"id":169,"href":"https:\/\/opg-saleta.hr\/index.php?rest_route=\/wp\/v2\/pages\/39\/revisions\/169"}],"wp:attachment":[{"href":"https:\/\/opg-saleta.hr\/index.php?rest_route=%2Fwp%2Fv2%2Fmedia&parent=39"}],"curies":[{"name":"wp","href":"https:\/\/api.w.org\/{rel}","templated":true}]}}